4600
In base 14, what is -17466aac - -3?
-17466aa9
In base 10, what is 225466 - 70?
225396
In base 5, what is 42213001 - 12?
42212434
In base 11, what is 491a4 - -246?
4943a
In base 16, what is -14eb - 112?
-15fd
In base 6, what is -3 - 1353220?
-1353223
In base 4, what is -3 - -113132203030?
113132203021
In base 15, what is -23 + -4b8a8?
-4b8cb
In base 13, what is b409 - -17b?
b587
In base 10, what is 96 - -507137?
507233
In base 2, what is -11 - 101101101111010011101011?
-101101101111010011101110
In base 11, what is 11862a40 + 2?
11862a42
In base 12, what is -3b4206 + -36b?
-3b4575
In base 9, what is -481517 - 15?
-481533
In base 13, what is -57b504 - 45?
-57b549
In base 3, what is -1020022 + -1122121002?
-1200211101
In base 12, what is 30a4 - -ab?
3193
In base 11, what is -2a20 + 92451?
8a531
In base 6, what is -33341 - -31525?
-1412
In base 12, what is 1a517 - 6a?
1a469
In base 7, what is -220 + -31363153?
-31363403
In base 3, what is -11212210002 - -11112010?
-11201020222
In base 9, what is -106641 + -84?
-106735
In base 14, what is ac5663 + 1?
ac5664
In base 5, what is 1 + 11214323132?
11214323133
In base 7, what is -5666514 + -33?
-5666550
In base 9, what is 517603 - -1718?
520422
In base 13, what is -320aa090 + 1?
-320aa08c
In base 4, what is -1301322322132 - 13?
-1301322322211
In base 4, what is 2121230103 + -1031?
2121223012
In base 10, what is 11786 - 51340?
-39554
In base 5, what is 312311111114 - 1?
312311111113
In base 2, what is 10011010011 - -10011100101001?
10101111111100
In base 3, what is 100022221 - -1020022010?
1120122001
In base 9, what is -433731 + 143?
-433577
In base 14, what is 7c80b - 10?
7c7db
In base 16, what is -2649ef7 + 0?
-2649ef7
In base 10, what is 106487746 + -1?
106487745
In base 9, what is 454475432 - -5?
454475437
In base 4, what is 0 - -1020022201003?
1020022201003
In base 14, what is 1474b98 + -2?
1474b96
In base 2, what is -10010 - -10010010001100011001?
10010010001100000111
In base 15, what is 14ce9d + -178?
14cd25
In base 13, what is -24 - -39a31b?
39a2c7
In base 3, what is 2110220110210000 + 101?
2110220110210101
In base 12, what is 1 - 5126615?
-5126614
In base 4, what is 12202 - 11203210103?
-11203131301
In base 3, what is -1010102012 - -111022?
-1002220220
In base 13, what is -30 + -198103?
-198133
In base 15, what is -413d70b8 - -1?
-413d70b7
In base 3, what is 10 - -202021120110222001?
202021120110222011
In base 6, what is -412513 + -10324?
-423241
In base 11, what is 2 - 596184a?
-5961848
In base 12, what is -1 - -a4118314?
a4118313
In base 4, what is 203303000 + -2200322?
201102012
In base 10, what is 406 - -303629?
304035
In base 10, what is 2485151 + -28?
2485123
In base 15, what is -1608d33 - 9?
-1608d3c
In base 16, what is 5 + -12ee879?
-12ee874
In base 6, what is 300005 + 42115?
342124
In base 13, what is 445 + 64bc?
6934
In base 10, what is 59 + -5306894?
-5306835
In base 9, what is 1603 - -74667?
76371
In base 3, what is 221121 + 11022200?
12021021
In base 6, what is 55 - -1352443435?
1352443534
In base 8, what is -6 - 17240637?
-17240645
In base 11, what is 7214a0 + -13?
721488
In base 4, what is -10102101 - 111130?
-10213231
In base 15, what is 19187d9 + -b?
19187cd
In base 7, what is 262545 + -12650?
246565
In base 9, what is -2213178 - 32?
-2213221
In base 13, what is -5 - 73b896?
-73b89b
In base 15, what is -4cda3a - 16?
-4cda51
In base 4, what is -21232003023000 - 1?
-21232003023001
In base 11, what is -5 + 2956658?
2956653
In base 6, what is 2 + -1224052?
-1224050
In base 15, what is -2a - -8a4c6?
8a49b
In base 16, what is d4 + -29394?
-292c0
In base 15, what is 2b + -197d8?
-197ac
In base 6, what is -141243 + 5343?
-131500
In base 2, what is -101110101011110000101111 + 100?
-101110101011110000101011
In base 7, what is -4 - 414461506?
-414461513
In base 7, what is 43013 + 1163?
44206
In base 4, what is -23122222 - 2332110?
-32120332
In base 3, what is 0 - -100220200021012120?
100220200021012120
In base 6, what is 11315 + -210133?
-154414
In base 16, what is -b8 + 5029d?
501e5
In base 12, what is 0 + -4175530?
-4175530
In base 16, what is 1271 - -fedc?
1114d
In base 5, what is -1244031 + -123?
-1244204
In base 4, what is -130002203213 - 1?
-130002203220
In base 11, what is -4641 + 948?
-37a4
In base 15, what is -c4a4660 - -4?
-c4a465b
In base 14, what is 7 - 4a272?
-4a269
In base 8, what is -435547 - -176?
-435351
In base 3, what is 12 + 10222012100221?
10222012101010
In base 2, what is -1000111100101 + -1001011110?
-1010001000011
In base 9, what is -370101 - 1733?
-371834
In base 12, what is -2b44581 - -3?
-2b4457a
In base 11, what is -82a8183 - 18?
-82a81a0
In base 3, what is 1201100 + -12112102102?
-12110201002
In base 14, what is -1b + -10b7c9?
-10b806
In base 12, what is -484a - -735?
-4115
In base 9, what is -61 - 3328223?
-3328284
In base 2, what is -1011111101000101 - 11100001?
-1100000000100110
In base 2, what is 110000111101100 - -101011111010010?
1011100110111110
In base 12, what is -4 + 32337006?
32337002
In base 2, what is -1010101 + -100101101101101101?
-100101101111000010
In base 6, what is 30401 + 24251?
55052
In base 9, what is 4 + 8281725?
8281730
In base 9, what is -7116343 - -4?
-7116338
In base 10, what is 9394 + 682?
10076
In base 4, what is 13 - 1131030102?
-1131030023
In base 10, what is 352945 - -57?
353002
In base 2, what is 10010100001011110111 - -10010111001?
10010100011110110000
In base 16, what is 5 - -13ad2300?
13ad2305
In base 7, what is 3341433416 - 4?
3341433412
In base 8, what is 56723706 - 2?
56723704
In base 5, what is 34104034 - 223?
34103311
In base 10, what is 1518627 - -14?
1518641
In base 5, what is -10403 - 110213022?
-110223430
In base 6, what is 4 + 43243251040?
43243251044
In base 9, what is -513205 + -74?
-513280
In base 7, what is -1 + -1065031625?
-1065031626
In base 5, what is -21414002431 - -23?
-21414002403
In base 5, what is 420103 + -13211?
401342
In base 4, what is -11 - 2000303113001?
-2000303113012
In base 16, what is 8ede - -12a0?
a17e
In base 14, what is 1 + 24c67d?
24c680
In base 2, what is -101010101111100110100100 + -10100?
-101010101111100110111000
In base 7, what is 422661 - -1630?
424621
In base 16, what is -2d15 - -4f3?
-2822
In base 10, what is 2667427 + 9?
2667436
In base 15, what is 5d10 + 8746?
e556
In base 4, what is -11 - -1020002100?
1020002023
In base 12, what is -3 + -3257547?
-325754a
In base 6, what is 302 + 3204235?
3204541
In base 12, what is 4 + -6a048b9?
-6a048b5
In base 4, what is 11010113 + 2123122?
13133301
In base 14, what is -237bbcd8 - 4?
-237bbcdc
In base 6, what is -1542 - 40432543?
-40434525
In base 13, what is -543 - -28629?
280b6
In base 15, what is -b - -4e1510d?
4e15102
In base 7, what is -35233054 - -41?
-35233013
In base 14, what is 2 - -3c0030?
3c0032
In base 5, what is -3 + -22144303040?
-22144303043
In base 10, what is 39651198 - -1?
39651199
In base 8, what is 2173 - -12663?
15056
In base 11, what is -329 + 240a51?
240723
In base 7, what is 215641 - 163?
215445
In base 6, what is 3122020 - -230?
3122250
In base 3, what is 201022021202121 - 121?
201022021202000
In base 3, what is -1 - -122020220111211121?
122020220111211120
In base 9, what is -2527225 + -14?
-2527240
In base 6, what is 512451150 + -3?
512451143
In base 5, what is 21443043030 + 1?
21443043031
In base 16, what is -ad1e8 + -4e6?
-ad6ce
In base 13, what is -35 - -68336?
68301
In base 3, what is 221 - -2121102120212?
2121102121210
In base 6, what is -215113433 + 1341?
-215112052
In base 4, what is 12 - 1213122321?
-1213122303
In base 4, what is -1033 - -12311130121?
12311123022
In base 16, what is 2cc + 6fd79?
70045
In base 3, what is -1021202011201 - 110110?
-1021202122011
In base 14, what is 3bc - 4a4?
-c6
In base 8, what is -4 + 40311365?
40311361
In base 15, what is -66d1dde - -5?
-66d1dd9
In base 6, what is -131553 + -25554?
-201551
In base 14, what is 4 - 30d7c6?
-30d7c2
In base 2, what is -10110001001011 + 1111001?
-10101111010010
In base 2, what is 11001000100100101000101 + -1010?
11001000100100100111011
In base 3, what is -20212 + 1202212020?
1202121101
In base 2, what is 1 - -101100010100001101001011?
101100010100001101001100
In base 12, what is 1322 - 154?
118a
In base 14, what is 392 - -253a3?
25755
In b